a composite number?
True
Is 43141 prime?
False
Is 51193 a composite number?
False
Is 9793 composite?
True
Is 631 composite?
False
Is 904377 composite?
True
Is 25097 composite?
False
Is 233021 composite?
False
Is 1714577 composite?
False
Is 42487 a composite number?
False
Is 594723 a composite number?
True
Is 9661 a prime number?
True
Is 433759 a prime number?
True
Is 1995263 prime?
True
Is 2533 prime?
False
Is 11443 composite?
False
Is 254911 prime?
True
Is 49847 a prime number?
False
Is 486277 a composite number?
True
Is 6841 a composite number?
False
Is 585071 composite?
False
Is 2531 a composite number?
False
Is 224387 composite?
True
Is 13987 a prime number?
False
Is 6159 composite?
True
Is 1214311 a composite number?
True
Is 922391 composite?
False
Is 89753 composite?
False
Is 5309 composite?
False
Is 217169 a composite number?
False
Is 470021 composite?
False
Is 9287 composite?
True
Is 179555 a prime number?
False
Is 2941 a prime number?
False
Is 242791 composite?
True
Is 15119 prime?
False
Is 395581 composite?
False
Is 452363 composite?
False
Is 9014 composite?
True
Is 535303 prime?
True
Is 36131 composite?
False
Is 142921 a composite number?
True
Is 7237 a composite number?
False
Is 295861 a prime number?
True
Is 24029 composite?
False
Is 1218557 composite?
False
Is 81611 prime?
True
Is 64151 a prime number?
True
Is 21701 a prime number?
True
Is 2624173 composite?
False
Is 115247 composite?
True
Is 3389 a composite number?
False
Is 18583 a composite number?
False
Is 8485 a composite number?
True
Is 65287 a prime number?
True
Is 10061 composite?
False
Is 14119 a prime number?
False
Is 2722 a prime number?
False
Is 39209 composite?
False
Is 91527 a prime number?
False
Is 11027 prime?
True
Is 4091 a prime number?
True
Is 5251 a prime number?
False
Is 52489 a prime number?
True
Is 60101 prime?
True
Is 704645 composite?
True
Is 3252857 a prime number?
False
Is 5129 prime?
False
Is 12323 prime?
True
Is 668989 a composite number?
False
Is 53221 a prime number?
False
Is 3926245 composite?
True
Is 33403 a composite number?
False
Is 2069 a prime number?
True
Is 8453 a composite number?
True
Is 19463 composite?
False
Is 22769 composite?
False
Is 72955 a composite number?
True
Is 178319 prime?
False
Is 539761 a composite number?
False
Is 6733 a composite number?
False
Is 72533 a composite number?
False
Is 147479 composite?
True
Is 203629 composite?
True
Is 72421 a composite number?
False
Is 1500574 prime?
False
Is 5197 prime?
True
Is 343891 prime?
True
Is 2879 prime?
True
Is 984457 a prime number?
True
Is 197326 a prime number?
False
Is 77069 a prime number?
True
Is 2866 a composite number?
True
Is 9199 a composite number?
False
Is 107957 a prime number?
False
Is 7841 composite?
False
Is 503819 composite?
False
Is 7559 a prime number?
True
Is 7493 a prime number?
False
Is 19121 prime?
True
Is 16259 a prime number?
False
Is 230313 a prime number?
False
Is 70721 a prime number?
False
Is 245801 a composite number?
True
Is 52841 a prime number?
False
Is 24407 a composite number?
False
Is 117031 composite?
True
Is 1361 composite?
False
Is 14635 composite?
True
Is 1469941 a composite number?
True
Is 956107 composite?
False
Is 691631 prime?
True
Is 2762031 a prime number?
False
Is 21427 prime?
False
Is 47041 a composite number?
False
Is 1511 prime?
True
Is 3185957 prime?
True
Is 6469993 a prime number?
True
Is 12451 a prime number?
True
Is 1404163 a prime number?
True
Is 514049 prime?
True
Is 498961 composite?
False
Is 70069 a prime number?
False
Is 46313 prime?
False
Is 2073707 composite?
False
Is 12273 composite?
True
Is 607849 a prime number?
False
Is 874519 composite?
True
Is 217901 a composite number?
False
Is 33639 a composite number?
True
Is 2269849 a composite number?
False
Is 201523 composite?
True
Is 287731 composite?
False
Is 50989 prime?
True
Is 31043 prime?
False
Is 14109 prime?
False
Is 3016949 a composite number?
True
Is 6037 prime?
True
Is 2147 composite?
True
Is 509023 a composite number?
False
Is 16706 a composite number?
True
Is 157 prime?
True
Is 2411 composite?
False
Is 706883 composite?
False
Is 551762 composite?
True
Is 1219987 a composite number?
True
Is 124799 composite?
False
Is 32887 composite?
False
Is 15153 prime?
False
Is 1471 a composite number?
False
Is 341529 prime?
False
Is 23251 prime?
True
Is 113513 a composite number?
False
Is 2239715 a composite number?
True
Is 475889 a composite number?
False
Is 1861033 a composite number?
False
Is 230303 prime?
True
Is 8513 composite?
False
Is 5399993 a composite number?
False
Is 16217 a composite number?
False
Is 43871 a prime number?
False
Is 74818 prime?
False
Is 7091 a prime number?
False
Is 72191 composite?
True
Is 287627 prime?
False
Is 29243 a composite number?
False
Is 340261 prime?
True
Is 9151 prime?
True
Is 264553 prime?
True
Is 4391 prime?
True
Is 281317 prime?
True
Is 799165 composite?
True
Is 11351 a prime number?
True
Is 10427 a prime number?
True
Is 33958 prime?
False
Is 187823 composite?
False
Is 530869 composite?
False
Is 948881 a composite number?
True
Is 36969 prime?
False
Is 39667 prime?
True
Is 15 composite?
True
Is 550799 a prime number?
False
Is 23006 composite?
True
Is 860131 a prime number?
False
Is 4007 composite?
False
Is 54779 composite?
False
Is 6947 a prime number?
True
Is 11729 prime?
False
Is 52723 composite?
True
Is 146815 prime?
False
Is 437741 composite?
True
Is 48109 composite?
False
Is 158569 a prime number?
False
Is 332809 a composite number?
True
Is 229421 composite?
True
Is 5089 a composite number?
True
Is 294031 composite?
True
Is 2983535 a composite number?
True
Is 4034 composite?
True
Is 1865837 composite?
False
Is 34403 prime?
True
Is 34451 prime?
False
Is 831191 a prime number?
True
Is 2660963 composite?
False
Is 14351 a composite number?
True
Is 24989 prime?
True
Is 131819 a prime number?
False
Is 7789 a composite number?
False
Is 51707 a prime number?
False
Is 16886 prime?
False
Is 908687 prime?
False
Is 1657 a prime number?
True
Is 287129 a composite number?
True
Is 47339 a composite number?
False
Is 134999 composite?
False
Is 164789 prime?
True
Is 537169 a composite number?
False
Is 164789 prime?
True
Is 35914 a composite number?
True
Is 33379 a prime number?
False
Is 65081 composite?
True
Is 1163 prime?
True
Is 4531 prime?
False
Is 2371 a composite number?
False
Is 674813 a prime number?
True
Is 79481 prime?
True
Is 51031 a prime number?
True
Is 574135 a prime number?
False
Is 17269 prime?
False
Is 134167 a prime number?
False
Is 3053 a composite number?
True
Is 3793 a composite number?
False
Is 47111 a composite number?
False
Is 2897 prime?
True
Is 400573 composite?
True
Is 16033 composite?
False
Is 232403 prime?
False
Is 17363 a prime number?
False
Is 5381 prime?
True
Is 171007 prime?
True
Is 99317 a composite number?
False
Is 619273 prime?
True
Is 465203 a prime number?
False
Is 4684447 prime?
True
Is 7079 a prime number?
True
Is 5557 prime?
True
Is 12401 a composite number?
False
Is 6031 a composite number?
True
Is 20807 prime?
True
Is 80555 a prime number?
False
Is 68171 prime?
True
Is 411239 composite?
True
Is 807995 a composite number?
True
Is 4051483 composite?
True
Is 638807 prime?
False
Is 1823 a prime number?
True
Is 1817 a prime number?
False
Is 357031 composite?
False
Is 87157 prime?
False
Is 37166 prime?
False
Is 238859 a prime number?
True
Is 29031 a composite number?
True
Is 11983 a prime number?
False
Is 12643 a prime number?
False
Is 51853 prime?
True
Is 2153 prime?
True
Is 12203 composite?
False
Is 42587 a prime number?
False
Is 1531 prime?
True
Is 91477 prime?
False
Is 44193 prime?
False
Is 2359 composite?
True
Is 65479 composite?
False
Is 16361 a prime number?
True
Is 4078 composite?
True
Is 20765 prime?
False
Is 206243 a composite number?
True
Is 77309 composite?
True
Is 787 a prime number?
True
Is 1129801 prime?
False
Is 5488063 composite?
True
Is 141533 a prime number?
False
Is 302483 prime?
True
Is 48769 prime?
False
Is 2237 prime?
True
Is 842 a composite number?
True
Is 14621 a composite number?
False
Is 61483 prime?
True
Is 8567 composite?
True
Is 9527 composite?
True
Is 167471 a composite number?
False
Is 647 prime?
True
Is 12514 a prime number?
False
Is 30311 a prime number?
False
Is 760659 a prime